c(z) = -z**2 + 3*z + 2. What is c(4)?
-2
Let x(f) = -3*f + 16. Determine x(-7).
37
Let t(l) = 3*l - 7. What is t(9)?
20
Let i(z) = 10*z**2 + z - 1. What is i(-1)?
8
Let w(u) = u**3 - 13*u**2 - 11*u - 20. Give w(14).
22
Let h(v) = 10*v + 4. Determine h(-1).
-6
Let x(s) = s**3 - 12*s**2 - 8*s - 53. What is x(13)?
12
Let z(u) = u**3 + 6*u**2 + 12*u + 5. Determine z(-3).
-4
Let a(p) = p**3 - 23*p**2 + p + 2. What is a(23)?
25
Let b(g) = -g**2 + 12*g - 3. Give b(13).
-16
Let b(p) = -p**3 - 6*p**2 + 9*p - 2. Determine b(-7).
-16
Let v(p) = -76*p + 73. Give v(1).
-3
Let f(i) = i - 13. What is f(13)?
0
Let g(r) = 2*r**2 + 12*r - 17. Calculate g(-8).
15
Let l(h) = -h**3 + 55*h**2 - 2*h + 129. What is l(55)?
19
Let u(q) = 14*q - 55. Determine u(6).
29
Let n(y) = y**2 + 31*y - 16. What is n(-32)?
16
Let c(t) = -t**3 - 24*t**2 + 20*t - 125. Calculate c(-25).
0
Let k(z) = 5*z - 136. Calculate k(27).
-1
Let i(f) = 24*f + 14. Determine i(-5).
-106
Let n(c) = c**2 + 19*c - 35. What is n(-21)?
7
Let t(q) = 8*q - 5. Determine t(-6).
-53
Let t(m) = -m**3 + 12*m**2 + 13*m + 19. Give t(13).
19
Let l(t) = 3*t + 3. Calculate l(-3).
-6
Let v(y) = -y**3 - 11*y**2 - y - 8. What is v(-11)?
3
Let w(i) = 15*i. Calculate w(1).
15
Let a(w) = w**3 + 11*w**2 + 16. What is a(-11)?
16
Let r(q) = q**2 - 8*q + 20. What is r(6)?
8
Let j(h) = h - 6. Determine j(4).
-2
Let s(i) = -i**3 + 24*i**2 - i - 57. Calculate s(24).
-81
Let s(h) = h**3 + 16*h**2 - 19*h - 29. Determine s(-17).
5
Let g(n) = -2*n - 1. Determine g(3).
-7
Let y(z) = z**3 + 2*z**2 + 2*z - 3. Calculate y(-3).
-18
Let f(d) = 2*d**3 - 101*d**2 + 45*d + 251. Give f(50).
1
Let p(x) = x**2 - 7*x + 13. What is p(7)?
13
Let c(m) = m + 4. Determine c(-12).
-8
Let a(n) = n**2 - 9*n + 3. What is a(5)?
-17
Let o(w) = w**2 - 12*w - 6. Calculate o(11).
-17
Let d(t) = t**2 + 11*t + 7. Give d(-9).
-11
Let v(y) = -y**3 - 9*y**2 + 12*y + 4. What is v(-10)?
-16
Let j(s) = s**3 + 4*s**2 - 10*s + 15. Determine j(-6).
3
Let a(f) = 4*f - 30. What is a(-8)?
-62
Let u(v) = -10*v - 7. Give u(-5).
43
Let p(d) = -2*d**2 + 28*d + 6. Determine p(14).
6
Let l(g) = -g**2 + g + 1. Determine l(3).
-5
Let a(o) = 13*o**2 + 2*o + 1. Determine a(2).
57
Let g(a) = -a**2 - 2*a + 152. What is g(0)?
152
Let a(x) = 12*x. Determine a(-1).
-12
Let y(z) = -10*z - 36. Determine y(-8).
44
Let c(j) = -12*j**2 + 5*j + 2. What is c(2)?
-36
Let o(z) = z**3 - z**2 - 2*z. Determine o(2).
0
Let o(c) = c**3 - 6*c**2 - 3*c - 3. What is o(7)?
25
Let q(a) = a**3 + 12*a**2 - 27*a + 2. Determine q(-14).
-12
Let f(y) = 15*y - 7. Determine f(4).
53
Let r(n) = -n**3 + 4*n**2 + 2*n + 30. Determine r(6).
-30
Let o(n) = n**2 - 24*n + 62. Determine o(19).
-33
Let h(d) = 18*d - 26. What is h(1)?
-8
Let g(h) = 18*h - 169. What is g(10)?
11
Let j(g) = -5*g**2 + 2*g + 3. What is j(-3)?
-48
Let k(r) = -3*r**2 - 1. What is k(-2)?
-13
Let j(f) = -12*f + 10. Give j(3).
-26
Let c(g) = 8*g**2 + 6*g + 6. Give c(-3).
60
Let p(b) = 6*b - 29. Determine p(4).
-5
Let z(j) = 3*j + 19. What is z(-15)?
-26
Let j(k) = -2*k**2 - 9*k - 6. Determine j(-6).
-24
Let p(c) = 21*c. What is p(-2)?
-42
Let z(d) = -7*d - 19. Determine z(-3).
2
Let k(b) = -b**3 + 8*b**2 + 10*b - 4. Give k(9).
5
Let d(m) = 2*m + 54. Calculate d(-26).
2
Let f(z) = -2*z**3 + 23*z**2 - 15*z + 30. Calculate f(11).
-14
Let n(w) = 37*w + 304. Give n(-8).
8
Let k(r) = -3*r**3 - 2*r**2 + 2*r - 3. Determine k(-3).
54
Let z(r) = r**2 - 13*r + 20. Calculate z(7).
-22
Let r(a) = -2*a**2 + 6*a - 6. Calculate r(5).
-26
Let m(x) = -4*x**2 - 49*x + 29. Calculate m(-13).
-10
Let f(r) = -r - 12. Calculate f(-11).
-1
Let d(z) = z**3 + 9*z**2 + 6*z + 10. Give d(-6).
82
Let u(h) = 21*h**3 + 2*h + 1. Determine u(-1).
-22
Let r(j) = 3*j - 7. Calculate r(-12).
-43
Let q(o) = -o**2 - 9*o - 26. Determine q(-5).
-6
Let p(y) = y**2 + 10*y + 9. What is p(-8)?
-7
Let g(r) = r**3 - 5*r**2 - 3*r - 18. What is g(6)?
0
Let v(f) = 9*f - 12. What is v(5)?
33
Let g(o) = 2*o + 4. What is g(-8)?
-12
Let b(c) = c**2 - 13*c + 24. What is b(11)?
2
Let n(x) = -x**2 + 14*x + 51. Calculate n(16).
19
Let c(j) = -j**3 + 7*j**2 + 3*j + 3. Determine c(7).
24
Let m(j) = -j**2 + 7*j + 17. Calculate m(8).
9
Let p(q) = q**3 + 29*q**2 + 8. Calculate p(-29).
8
Let i(w) = 11*w + 10. Give i(-4).
-34
Let p(t) = -t + 19. What is p(11)?
8
Let i(j) = 3*j. Give i(1).
3
Let b(f) = f**2 + 6*f. Determine b(-5).
-5
Let k(t) = t**3 + 5*t**2 + 8*t + 6. What is k(-2)?
2
Let p(s) = s. Calculate p(-14).
-14
Let u(j) = 9*j - 1. What is u(-1)?
-10
Let x(g) = -g**2 + 14*g + 519. What is x(31)?
-8
Let g(t) = -t + 1. Determine g(-6).
7
Let h(q) = -q**2 + 11*q - 9. Give h(13).
-35
Let v(x) = -x**2 + 15*x + 37. Calculate v(22).
-117
Let g(q) = -5*q - 1. Calculate g(9).
-46
Let x(r) = 5*r**2 + 23*r + 7. Calculate x(-5).
17
Let k(s) = -4*s - 132. What is k(-38)?
20
Let r(b) = -3*b**2 + 85*b + 52. Calculate r(29).
-6
Let b(a) = 10*a + 1. Determine b(1).
11
Let g(i) = 10*i**2 + 8*i - 8. What is g(1)?
10
Let w(k) = -k**2 - 4*k - 15. Calculate w(-5).
-20
Let d(r) = -r + 18. What is d(8)?
10
Let j(x) = -20*x**2 + 2*x - 1. What is j(1)?
-19
Let y(p) = 13*p - 53. What is y(4)?
-1
Let y(h) = h**2 + 17*h + 59. Give y(-12).
-1
Let c(k) = 72*k - 75. Give c(1).
-3
Let g(y) = -13*y - 21. What is g(-2)?
5
Let b(i) = 7*i - 1. What is b(-1)?
-8
Let i(t) = t**2 + t + 9. Calculate i(4).
29
Let c(l) = 2*l + 1. What is c(10)?
21
Let v(l) = l**2 - 5*l + 2. What is v(-4)?
38
Let j(a) = -a**3 - 25*a**2 - 25*a - 58. What is j(-24)?
-34
Let m(h) = -13*h**3 + 2*h**2 + h. Give m(-2).
110
Let l(r) = 2*r**3 + 9*r**2 - r + 11. What is l(-5)?
-9
Let l(z) = -31*z**3 - z**2 + 2*z - 1. What is l(1)?
-31
Let p(y) = 3*y**3 - 2*y**2 - 5*y + 6. What is p(2)?
12
Let a(s) = -s**3 + 15*s**2 - 14*s - 25. Calculate a(14).
-25
Let t(j) = -7*j - 6. Determine t(-6).
36
Let z(t) = t**2 + 15*t + 52. What is z(-11)?
8
Let r(f) = 4*f**2 - 2*f - 1. Determine r(2).
11
Let l(p) = p**2 - 8*p + 3. Determine l(8).
3
Let j(c) = 31*c + 2. Determine j(1).
33
Let h(d) = 2*d**3 - 10*d**2 - 4*d - 28. Determine h(6).
20
Let u(m) = -6*m + 315. What is u(49)?
21
Let p(b) = -b**2 - 6*b - 5. Determine p(-5).
0
Let m(p) = -p**3 + 8*p**2 + 9*p - 5. Give m(9).
-5
Let o(y) = 2*y**2 + 16*y - 7. Calculate o(-9).
11
Let p(b) = -2*b + 13. Determine p(4).
5
Let z(g) = -g**2 - 3*g + 105. Calculate z(-12).
-3
Let v(d) = -d + 3. Give v(4).
-1
Let o(r) = r**2 + 20*r + 60. What is o(-15)?
-15
Let j(r) = -r**3 + 4*r**2 - 3*r + 1. Determine j(4).
-11
Let k(s) = -23*s + 461. What is k(20)?
1
Let d(z) = 4*z - 1. Determine d(4).
15
Let b(o) = -o**2 + 5*o + 10. Calculate b(8).
-14
Let s(t) = 5*t**2 - t + 1. Give s(1).
5
Let a(c) = -c**3 - 31*c**2 - 4. What is a(-31)?
-4
Let k(n) = -n**3 - 37*n**2 - 37*n - 41. Determine k(-36).
-5
Let z(g) = g + 36. Give z(-5).
31
Let a(b) = -b**2 + 13*b - 14. Determine a(11).
8
Let v(y) = -2*y**2 - 21*y - 13. Determine v(-11).
-24
Let r(s) = -13*s + 2. Determine r(2).
-24
Let s(l) = 2*l + 77. Calculate s(-11).
55
Let z(h) = -14*h - 420. Determine z(-30).
0
Let i(s) = -3*s**3 - 12*s + 22. Determine i(2).
-26
Let u(p) = p**3 + 45*p**2 + 49*p + 154. What is u(-44)?
-66
Let b(c) = 2*c - 2. Determine b(2).
2
Let j(z) = z**3 - 9*z**2 + 11*z + 3. Determine j(7).
-18
Let u(n) = 6*n**2 + 82*n - 16. Calculate u(-14).
12
Let k(s) = -s**3 + 2*s**2 - 4. What is k(3)?
-13
Let o(m) = -m**3 + 20*m**2 + 20*m + 16. Determine o(21).
-5
Let c(m) = -22*m + 30. Give c(1).
8
Let f(v) = 9*v - 41. Give f(10).
49
Let l(y) = y**3 - 8*y**2 - 2*y - 11. Calculate l(8).
-27
Let v(m) = m + 12. Determine v(9).
21
Let q(l) = -l**3 + 7*l**2 + 6*l + 6. Give q(8).
-10
Let b(h) = 79*h - 6. Give b(-2).
-164
Let w(y) = y**3 + 12*y**2 - 15*y - 16. Determine w(-13).
10
Let q(k) = -20*k - 114. Determine q(-5).
-14
Let b(w) = -w**3 - 11*w**2 - 3*w - 32. Give b(-11).
1
Let z(i) = -i**3 + 8*i**2 - 3*i + 20. What is z(8)?
-4
Let n(a) = -a**3 + a. Give n(1).
0
Let v(j) = j**3 - 15*j**2 - 11*j - 79. What is v(16)?
1
Let y(v) = 3*v + 10. Give y(-12).
-26
Let y(a) = -a**3 + 8*a**2 - 7*a - 6. Determine y(6).
24
Let x(o) = o**2 - 7*o - 7. Calculate x(8).
1
Let p(f) = -f**2 + f + 1. Calculate p(-4).
-19
Let a(g) = -g**2 + 14*g - 38. Give a(9).
7
Let j(v) = -v**3 - v - 1. Calculate j(-1).
1
Let s(z) = z**3 + 38